{"id":441,"date":"2021-02-18T10:47:35","date_gmt":"2021-02-18T13:47:35","guid":{"rendered":"https:\/\/posgrado.crub.uncoma.edu.ar\/?page_id=441"},"modified":"2023-12-29T09:42:56","modified_gmt":"2023-12-29T12:42:56","slug":"caracteristicas-doctorado-en-biologia","status":"publish","type":"page","link":"https:\/\/posgrado.crub.uncoma.edu.ar\/?page_id=441","title":{"rendered":"CARACTER\u00cdSTICAS DOCTORADO EN BIOLOG\u00cdA"},"content":{"rendered":"\n<p class=\"has-very-dark-gray-color has-text-color\">La carrera de Doctorado en Biolog\u00eda tiene una duraci\u00f3n de 5 a\u00f1os y una\u00a0\u00a0estructura curricular personalizada, es decir que cada alumno cumple con su propio plan de cursos y\/o materias a lo largo de su carrera.\u00a0\u00a0La figura del director de Tesis orienta y dirige las actividades del Doctorando y el equipo de Direcci\u00f3n puede incluir tambi\u00e9n un Codirector de Tesis. A lo largo de la carrera, el alumno debe cumplimentar los 40 cr\u00e9ditos requeridos por cursos y\/o asignaturas aprobadas, presentar y aprobar los informes de avance, exponer los seminarios orales y publicar el trabajo de respaldo de\u00a0la Tesis\u00a0Doctoral.\u00a0Es importante remarcar que los estudiantes de la Carrera han obtenido Becas en sistemas nacionales e internacionales. Los graduados han sido aceptados en Universidades extranjeras y otras Instituciones Nacionales para desarrollar estad\u00edas postdoctorales, lo que implica que han recibido una capacitaci\u00f3n acad\u00e9mica de excelencia.\u00a0Por otra parte, la producci\u00f3n en trabajos cient\u00edficos internacionales derivados de\u00a0la Tesis\u00a0tambi\u00e9n es un par\u00e1metro que revela un fuerte impacto del Doctorado en la comunidad cient\u00edfica.<\/p>\n\n\n\n<p class=\"has-very-dark-gray-color has-text-color\">Dadas las caracter\u00edsticas regionales de&nbsp;la Universidad Nacional&nbsp;del Comahue, el impacto y la inserci\u00f3n que posee&nbsp;la Carrera&nbsp;en la Patagonia es muy importante. Constituye el m\u00e1ximo grado de perfeccionamiento en el \u00e1rea del conocimiento biol\u00f3gico, y se articula con la carrera de grado Licenciatura en Ciencias Biol\u00f3gicas que se dicta en el Centro Regional Universitario Bariloche.&nbsp;&nbsp;Un 50% de los estudiantes desarrollan sus Tesis Doctorales en la Universidad Nacional del Comahue y&nbsp;&nbsp;la mayor\u00eda de los restantes la desarrollan en otras instituciones del pa\u00eds.<\/p>\n","protected":false},"excerpt":{"rendered":"<p>La carrera de Doctorado en Biolog\u00eda tiene una duraci\u00f3n de 5 a\u00f1os y una\u00a0\u00a0estructura curricular personalizada, es decir que cada alumno cumple con su propio plan de cursos y\/o materias &#8230;<\/p>\n","protected":false},"author":1,"featured_media":0,"parent":0,"menu_order":0,"comment_status":"closed","ping_status":"closed","template":"","meta":{"_coblocks_attr":"","_coblocks_dimensions":"","_coblocks_responsive_height":"","_coblocks_accordion_ie_support":"","footnotes":""},"folder":[],"class_list":["post-441","page","type-page","status-publish","hentry"],"_links":{"self":[{"href":"https:\/\/posgrado.crub.uncoma.edu.ar\/index.php?rest_route=\/wp\/v2\/pages\/441","targetHints":{"allow":["GET"]}}],"collection":[{"href":"https:\/\/posgrado.crub.uncoma.edu.ar\/index.php?rest_route=\/wp\/v2\/pages"}],"about":[{"href":"https:\/\/posgrado.crub.uncoma.edu.ar\/index.php?rest_route=\/wp\/v2\/types\/page"}],"author":[{"embeddable":true,"href":"https:\/\/posgrado.crub.uncoma.edu.ar\/index.php?rest_route=\/wp\/v2\/users\/1"}],"replies":[{"embeddable":true,"href":"https:\/\/posgrado.crub.uncoma.edu.ar\/index.php?rest_route=%2Fwp%2Fv2%2Fcomments&post=441"}],"version-history":[{"count":1,"href":"https:\/\/posgrado.crub.uncoma.edu.ar\/index.php?rest_route=\/wp\/v2\/pages\/441\/revisions"}],"predecessor-version":[{"id":2279,"href":"https:\/\/posgrado.crub.uncoma.edu.ar\/index.php?rest_route=\/wp\/v2\/pages\/441\/revisions\/2279"}],"wp:attachment":[{"href":"https:\/\/posgrado.crub.uncoma.edu.ar\/index.php?rest_route=%2Fwp%2Fv2%2Fmedia&parent=441"}],"wp:term":[{"taxonomy":"folder","embeddable":true,"href":"https:\/\/posgrado.crub.uncoma.edu.ar\/index.php?rest_route=%2Fwp%2Fv2%2Ffolder&post=441"}],"curies":[{"name":"wp","href":"https:\/\/api.w.org\/{rel}","templated":true}]}}