{"id":438,"date":"2021-02-18T10:43:34","date_gmt":"2021-02-18T13:43:34","guid":{"rendered":"https:\/\/posgrado.crub.uncoma.edu.ar\/?page_id=438"},"modified":"2021-02-18T10:43:34","modified_gmt":"2021-02-18T13:43:34","slug":"historia","status":"publish","type":"page","link":"https:\/\/posgrado.crub.uncoma.edu.ar\/?page_id=438","title":{"rendered":"HISTORIA DOCTORADO EN BIOLOG\u00cdA"},"content":{"rendered":"\n<p class=\"has-text-color has-very-dark-gray-color\">El Doctorado en Biolog\u00eda es la primera carrera de postgrado de la Universidad Nacional del Comahue creada en 1986 por Ordenanza del CS N\u00ba556\/86. En 1991 se conforma la primera Comisi\u00f3n de Doctorado y en 1992 se realizan las primeras inscripciones. En 1995 la Carrera obtiene la m\u00e1xima categorizaci\u00f3n como carrera nueva por la Comisi\u00f3n Nacional de Evaluaci\u00f3n y Acreditaci\u00f3n Universitaria (CONEAU).<\/p>\n\n\n\n<p class=\"has-text-color has-very-dark-gray-color\">Desde entonces y hasta la fecha, la carrera ha sido evaluada y acreditada en todas las convocatorias de CONEAU, obteniendo en todas las ocasiones la categorizaci\u00f3n A.<\/p>\n","protected":false},"excerpt":{"rendered":"<p>El Doctorado en Biolog\u00eda es la primera carrera de postgrado de la Universidad Nacional del Comahue creada en 1986 por Ordenanza del CS N\u00ba556\/86. En 1991 se conforma la primera &#8230;<\/p>\n","protected":false},"author":1,"featured_media":0,"parent":0,"menu_order":0,"comment_status":"closed","ping_status":"closed","template":"","meta":{"_coblocks_attr":"","_coblocks_dimensions":"","_coblocks_responsive_height":"","_coblocks_accordion_ie_support":"","footnotes":""},"folder":[],"class_list":["post-438","page","type-page","status-publish","hentry"],"_links":{"self":[{"href":"https:\/\/posgrado.crub.uncoma.edu.ar\/index.php?rest_route=\/wp\/v2\/pages\/438","targetHints":{"allow":["GET"]}}],"collection":[{"href":"https:\/\/posgrado.crub.uncoma.edu.ar\/index.php?rest_route=\/wp\/v2\/pages"}],"about":[{"href":"https:\/\/posgrado.crub.uncoma.edu.ar\/index.php?rest_route=\/wp\/v2\/types\/page"}],"author":[{"embeddable":true,"href":"https:\/\/posgrado.crub.uncoma.edu.ar\/index.php?rest_route=\/wp\/v2\/users\/1"}],"replies":[{"embeddable":true,"href":"https:\/\/posgrado.crub.uncoma.edu.ar\/index.php?rest_route=%2Fwp%2Fv2%2Fcomments&post=438"}],"version-history":[{"count":0,"href":"https:\/\/posgrado.crub.uncoma.edu.ar\/index.php?rest_route=\/wp\/v2\/pages\/438\/revisions"}],"wp:attachment":[{"href":"https:\/\/posgrado.crub.uncoma.edu.ar\/index.php?rest_route=%2Fwp%2Fv2%2Fmedia&parent=438"}],"wp:term":[{"taxonomy":"folder","embeddable":true,"href":"https:\/\/posgrado.crub.uncoma.edu.ar\/index.php?rest_route=%2Fwp%2Fv2%2Ffolder&post=438"}],"curies":[{"name":"wp","href":"https:\/\/api.w.org\/{rel}","templated":true}]}}