{"id":35,"date":"2020-08-11T11:59:56","date_gmt":"2020-08-11T14:59:56","guid":{"rendered":"https:\/\/posgrado.crub.uncoma.edu.ar\/?page_id=35"},"modified":"2026-02-09T07:20:00","modified_gmt":"2026-02-09T10:20:00","slug":"reglamentos","status":"publish","type":"page","link":"https:\/\/posgrado.crub.uncoma.edu.ar\/?page_id=35","title":{"rendered":"Reglamentaci\u00f3n"},"content":{"rendered":"\n<div class=\"wp-block-columns is-layout-flex wp-container-core-columns-is-layout-1 wp-block-columns-is-layout-flex\">\n<div class=\"wp-block-column 1 is-layout-flow wp-block-column-is-layout-flow\">\n<h3 class=\"wp-block-heading has-text-align-center has-white-color has-text-color\"><a href=\"https:\/\/archivo.crub.uncoma.edu.ar\/archivo\/posgrado\/DEPARTAMENTO%20DE%20POSGRADO\/DOCTORADO%20EN%20BIOLOGIA\/REGLAMENTACION\/ORD%20557-10-PLAN%20DOCTORADO%20texto%20ordenado..pdf\" target=\"_blank\" rel=\"noreferrer noopener\">Reglamento de Carrera &#8211; Doctorado en Biolog\u00eda (Ord 557\/10 y Modificatorias)<\/a><\/h3>\n\n\n\n<p><\/p>\n<\/div>\n\n\n\n<div class=\"wp-block-column 2 is-layout-flow wp-block-column-is-layout-flow\">\n<h3 class=\"wp-block-heading has-text-align-center\"><a href=\"https:\/\/archivo.crub.uncoma.edu.ar\/archivo\/posgrado\/DEPARTAMENTO%20DE%20POSGRADO\/DOCTORADO%20EN%20BIOLOGIA\/REGLAMENTACION\/ORD%20510-11%20Unificada%20Postgrado%20UNCo.pdf\" target=\"_blank\" rel=\"noreferrer noopener\">Reglamento de Actividades de Postgrado UNCo (Ord. 510\/11 y Modificatorias)<\/a><\/h3>\n<\/div>\n<\/div>\n\n\n\n<div class=\"wp-block-columns is-layout-flex wp-container-core-columns-is-layout-2 wp-block-columns-is-layout-flex\">\n<div class=\"wp-block-column is-layout-flow wp-block-column-is-layout-flow\">\n<h3 class=\"wp-block-heading has-text-align-center has-text-color\" style=\"color:#ffffff\"><a href=\"https:\/\/archivo.crub.uncoma.edu.ar\/archivo\/posgrado\/DEPARTAMENTO%20DE%20POSGRADO\/DOCTORADO%20EN%20BIOLOGIA\/REGLAMENTACION\/ResME160_11.pdf\" target=\"_blank\" rel=\"noreferrer noopener\">Resoluci\u00f3n Ministerio de Educaci\u00f3n (Res. ME N\u00ba 160\/11)<\/a><\/h3>\n<\/div>\n\n\n\n<div class=\"wp-block-column is-layout-flow wp-block-column-is-layout-flow\">\n<h3 class=\"wp-block-heading has-text-align-center has-text-color\" style=\"color:#ffffff\"><a href=\"https:\/\/archivo.crub.uncoma.edu.ar\/archivo\/posgrado\/DEPARTAMENTO%20DE%20POSGRADO\/DOCTORADO%20EN%20BIOLOGIA\/REGLAMENTACION\/RM%202166-15.PDF\" target=\"_blank\" rel=\"noreferrer noopener\">Resoluci\u00f3n Ministerio de Educaci\u00f3n (Res. ME N\u00ba 2166\/15)<\/a><\/h3>\n<\/div>\n<\/div>\n\n\n\n<div class=\"wp-block-columns is-layout-flex wp-container-core-columns-is-layout-3 wp-block-columns-is-layout-flex\">\n<div class=\"wp-block-column is-layout-flow wp-block-column-is-layout-flow\">\n<h3 class=\"wp-block-heading has-text-align-center\"><a href=\"https:\/\/archivo.crub.uncoma.edu.ar\/archivo\/posgrado\/DEPARTAMENTO%20DE%20POSGRADO\/DOCTORADO%20EN%20BIOLOGIA\/REGLAMENTACION\/Resolucion%20ME%20284-22.pdf\" target=\"_blank\" rel=\"noreferrer noopener\">Res. CONEAU de Acreditaci\u00f3n y Categorizaci\u00f3n N\u00ba 284\/22<\/a><\/h3>\n<\/div>\n\n\n\n<div class=\"wp-block-column is-layout-flow wp-block-column-is-layout-flow\">\n<h3 class=\"wp-block-heading has-text-align-center\"><a href=\"https:\/\/archivo.crub.uncoma.edu.ar\/archivo\/posgrado\/DEPARTAMENTO%20DE%20POSGRADO\/DOCTORADO%20EN%20BIOLOGIA\/REGLAMENTACION\/Resolucion%204600-E2017.pdf\" target=\"_blank\" rel=\"noreferrer noopener\">Resoluci\u00f3n Ministerio de Educaci\u00f3n &#8211; Promoci\u00f3n de Carreras, Titulaciones y Trayectos Formativos (Res. ME N\u00ba 4600-E2017)<\/a><\/h3>\n<\/div>\n<\/div>\n\n\n\n<div class=\"wp-block-columns is-layout-flex wp-container-core-columns-is-layout-4 wp-block-columns-is-layout-flex\">\n<div class=\"wp-block-column is-layout-flow wp-block-column-is-layout-flow\">\n<h3 class=\"wp-block-heading has-text-align-center\"><a href=\"https:\/\/archivo.crub.uncoma.edu.ar\/archivo\/posgrado\/DEPARTAMENTO%20DE%20POSGRADO\/DOCTORADO%20EN%20BIOLOGIA\/REGLAMENTACION\/CIRCULARES\/CIRCULARES.zip\" target=\"_blank\" rel=\"noreferrer noopener\">Circulares Comisi\u00f3n Doctorado<\/a><\/h3>\n\n\n\n<p><\/p>\n\n\n\n<h3 class=\"wp-block-heading has-text-align-center\"><a href=\"https:\/\/archivo.crub.uncoma.edu.ar\/archivo\/posgrado\/DEPARTAMENTO%20DE%20POSGRADO\/REGLAMENTACION%20DE%20POSGRADO\/Resol%20933%202023%20%20Nuevas%20presencialidades%20SIED.pdf\" target=\"_blank\" rel=\"noreferrer noopener\">Resol 933 2023 &#8211; Nuevas presencialidades SIED<\/a><\/h3>\n<\/div>\n\n\n\n<div class=\"wp-block-column is-layout-flow wp-block-column-is-layout-flow\">\n<h3 class=\"wp-block-heading has-text-align-center\"><a href=\"https:\/\/archivo.crub.uncoma.edu.ar\/archivo\/posgrado\/DEPARTAMENTO%20DE%20POSGRADO\/DOCTORADO%20EN%20BIOLOGIA\/REGLAMENTACION\/2026-CAL%20ACAD-DOCTORADO.pdf\" target=\"_blank\" rel=\"noreferrer noopener\">Calendario Acad\u00e9mico 2026.<\/a><\/h3>\n\n\n\n<p><\/p>\n\n\n\n<h3 class=\"wp-block-heading has-text-align-center\"><a href=\"https:\/\/archivo.crub.uncoma.edu.ar\/archivo\/posgrado\/DEPARTAMENTO%20DE%20POSGRADO\/REGLAMENTACION%20DE%20POSGRADO\/2025%20Resol%200747%202025%20Expte%20S-5757-00-2025%20Marco%20Pedagogico%20SIED.pdf\" target=\"_blank\" rel=\"noreferrer noopener\">Resol 0747 2025 &#8211; Marco Pedag\u00f3gico SIED<\/a><\/h3>\n<\/div>\n<\/div>\n\n\n\n<p><\/p>\n","protected":false},"excerpt":{"rendered":"<p>Reglamento de Carrera &#8211; Doctorado en Biolog\u00eda (Ord 557\/10 y Modificatorias) Reglamento de Actividades de Postgrado UNCo (Ord. 510\/11 y Modificatorias) Resoluci\u00f3n Ministerio de Educaci\u00f3n (Res. ME N\u00ba 160\/11) Resoluci\u00f3n &#8230;<\/p>\n","protected":false},"author":1,"featured_media":0,"parent":0,"menu_order":0,"comment_status":"closed","ping_status":"closed","template":"","meta":{"_coblocks_attr":"","_coblocks_dimensions":"","_coblocks_responsive_height":"","_coblocks_accordion_ie_support":"","footnotes":""},"folder":[],"class_list":["post-35","page","type-page","status-publish","hentry"],"_links":{"self":[{"href":"https:\/\/posgrado.crub.uncoma.edu.ar\/index.php?rest_route=\/wp\/v2\/pages\/35","targetHints":{"allow":["GET"]}}],"collection":[{"href":"https:\/\/posgrado.crub.uncoma.edu.ar\/index.php?rest_route=\/wp\/v2\/pages"}],"about":[{"href":"https:\/\/posgrado.crub.uncoma.edu.ar\/index.php?rest_route=\/wp\/v2\/types\/page"}],"author":[{"embeddable":true,"href":"https:\/\/posgrado.crub.uncoma.edu.ar\/index.php?rest_route=\/wp\/v2\/users\/1"}],"replies":[{"embeddable":true,"href":"https:\/\/posgrado.crub.uncoma.edu.ar\/index.php?rest_route=%2Fwp%2Fv2%2Fcomments&post=35"}],"version-history":[{"count":32,"href":"https:\/\/posgrado.crub.uncoma.edu.ar\/index.php?rest_route=\/wp\/v2\/pages\/35\/revisions"}],"predecessor-version":[{"id":3666,"href":"https:\/\/posgrado.crub.uncoma.edu.ar\/index.php?rest_route=\/wp\/v2\/pages\/35\/revisions\/3666"}],"wp:attachment":[{"href":"https:\/\/posgrado.crub.uncoma.edu.ar\/index.php?rest_route=%2Fwp%2Fv2%2Fmedia&parent=35"}],"wp:term":[{"taxonomy":"folder","embeddable":true,"href":"https:\/\/posgrado.crub.uncoma.edu.ar\/index.php?rest_route=%2Fwp%2Fv2%2Ffolder&post=35"}],"curies":[{"name":"wp","href":"https:\/\/api.w.org\/{rel}","templated":true}]}}